 derivative of f - 1/4*f**4 - 3 + f**2 + 2/3*f**3. Let p be 6*(1/(-2) - -1). What is d(p)?
-2
Let s(q) = 7*q**2 + 12*q + 11. Let i(l) = -l**2 - l - 1. Let o(r) = -6*i(r) - s(r). Suppose -m = -k + 1, 5*k + 24 = 4*k - 4*m. What is o(k)?
3
Suppose -3*o + 4*o = 3. Let w(b) = -b**3 + 3*b**2 - 1. What is w(o)?
-1
Let q(y) = y**3 - 6*y**2 + 4*y + 5. Let d(h) = -h**3 - 5*h**2 - 4*h - 15. Let u be d(-5). Determine q(u).
0
Let y(a) = a**3 - a**2 - a - 5. Let r = 2 - 2. Suppose r = -l - l. Give y(l).
-5
Let s be ((-21)/(-6))/(3/6). Let z = s - 1. Let p(a) = a - 13. Calculate p(z).
-7
Let k(q) = 3*q**2 - 7*q - 2. Let b(w) = -5*w**2 + 15*w + 5. Let a(p) = -4*b(p) - 7*k(p). What is a(-9)?
12
Let x = 1 - 4. Let v(d) = -d**3 - 4*d**2 - 4*d - 2. What is v(x)?
1
Let l(n) = n**2 - 9*n + 10. Let v be l(8). Let s(x) = x + 1. Calculate s(v).
3
Suppose -3*a - 4 = 3*r - 1, a + 5*r + 13 = 0. Suppose a - 6 = m. Let b(z) = -2*z - 5. Give b(m).
3
Let x(o) = -3*o + 4. Let u be x(3). Let l(d) = -d**2 - 3*d + 2. Calculate l(u).
-8
Let w be 4*1 + (9 - 9). Let q(n) = 0 + w*n**2 + 4 - 4*n + n**3 - 10. Give q(-4).
10
Let m(u) = -u**2 + u. Let s = 18 + -15. What is m(s)?
-6
Let t(s) = -6*s**3 - 11*s - 5. Let z(r) = r**3 + r**2 + r + 1. Let m(h) = t(h) + 5*z(h). Suppose 3*k - 7*k = -16. Determine m(k).
-8
Let g(u) = -12*u**2 - 10*u + 5. Let l(x) = 13*x**2 + 10*x - 4. Let d(a) = 6*g(a) + 5*l(a). Let q(t) = t**2 + t - 1. Let s(z) = -d(z) - 6*q(z). Determine s(-5).
1
Let n be (3 + (-14)/4)*10. Let w(d) = -2 + 6 - 7*d**3 - 3*d**2 + 6*d**2. Let k(f) = 6*f**3 - 3*f**2 - 3. Let h(c) = n*w(c) - 6*k(c). Calculate h(2).
2
Let u(x) = 10*x**2 + 3*x + 4. Let j(n) = 11*n**2 + 4*n + 5. Let p(b) = 6*j(b) - 7*u(b). Calculate p(-2).
-20
Let x(k) = -2*k**2 - 2*k + 1. Let t(f) = -1. Let l(y) = -2*t(y) - x(y). Calculate l(-2).
5
Let u(a) = -a**3 + 5*a**2 + 2. Let m be ((-18)/15)/((-6)/20). Let q = m - -1. Determine u(q).
2
Suppose 2*z + 4 = 0, 2*k = z + 5 + 5. Let y(i) = -4 - 5*i + 3 + 2*i. What is y(k)?
-13
Let v(a) = -a**2 + 5*a - 7. Let u(c) be the first derivative of -c**2/2 + c - 2. Let k(g) = -6*u(g) - v(g). What is k(-2)?
3
Let m = -21 - -27. Let j(l) = l. What is j(m)?
6
Let v(h) = -2*h + 2*h**2 + 2 + 2*h + 2*h. Let w(c) = -3*c**2 - 3*c - 2. Let s(l) = -4*v(l) - 3*w(l). Let j(m) = m + 4. Let d be j(-4). Calculate s(d).
-2
Let j be ((-5)/((-10)/8))/(-2). Let i be j/(7/(140/8)). Let l(k) = -k**3 - 4*k**2 + 6*k - 6. Calculate l(i).
-11
Let i(k) = -2*k - 4. Let a be (4/6)/((-38)/9 - -4). Give i(a).
2
Let n(k) = 5*k**3 - 4*k**2 + k - 7 + 5*k**2 - 6*k**3. Suppose -2*c = -0*c. What is n(c)?
-7
Let t(q) = -q**3 + 5*q**2 - 5*q - 3. Let n(r) = r - 2. Let i be n(7). Suppose 8 = i*z - 12. Give t(z).
-7
Let c(a) = 3*a**3 + 8*a**2 - 6*a - 1. Let x be (-1)/(-3)*(14 + 1). Let g(j) = -4*j**3 - 9*j**2 + 7*j + 2. Let h(p) = x*c(p) + 4*g(p). Calculate h(4).
-5
Let u(r) = -9*r + 3. Let x be -2 + 0 + 2 + 2. What is u(x)?
-15
Let a(k) = k**3 + 6*k**2 + 6*k + 1. Let s be a(-5). Suppose -5*y - 2 = -2*m - 1, 5*m - 3*y - 12 = 0. Let d = m + s. Let u(o) = -o**3 - 2*o - 1. Give u(d).
2
Let m(l) = l**2 - 4*l - 3. Let u(y) be the first derivative of 1/2*y**2 - 1 + 1/3*y**3 - y**4 + y. Let z be u(-1). What is m(z)?
2
Let g(v) = -2*v. Let l be 6/2*12/(-9). Let q(z) = 2*z + 4. Let r be q(-6). Let o = l - r. Determine g(o).
-8
Let h(c) = c**3 + 7*c**2 + 7*c + 5. Let d be h(-6). Let t(o) be the second derivative of 0*o**2 + 0 - 3*o - 1/6*o**4 + 1/6*o**3. Determine t(d).
-3
Let a be 1 + 2/(-5) - (-84)/(-15). Let t(o) = -o**3 + 4*o + 4 - 4*o**2 + 2*o - 6. What is t(a)?
-7
Let i(n) be the second derivative of -n**4/12 + n. Suppose 3*c - 14 = c. Let w = 5 - c. Determine i(w).
-4
Let c(p) = p**2 + p + 5. Let i = 29 - 29. Calculate c(i).
5
Let b(t) = 6*t - 3. Let r = -6 + 8. Calculate b(r).
9
Let z(i) = -4 - 5*i**2 - 4 - 2*i**3 + 11 + 3*i + 3*i**3. Suppose 0 = -5*h - 20, 6*w - w - 5*h - 35 = 0. Determine z(w).
-6
Let i(w) = -w**3 + 3*w**2 - 3. Suppose 2*c + 4*x = -0*c + 74, 0 = x - 5. Suppose -3*u + 0*u = -c. Suppose 2*z = -z + u. Calculate i(z).
-3
Let p(a) = a + 7. Let w be p(-7). Let k(l) = -l**3 - 6*l + 7. Let q be 2/6 - (-100)/6. Let n(r) = 3*r**3 + 17*r - 20. Let u(b) = q*k(b) + 6*n(b). What is u(w)?
-1
Let x(d) = -8*d - 4 - 3*d + 6*d + 2*d**2. What is x(4)?
8
Let a(n) be the second derivative of -n**5/20 - 7*n**4/12 + 3*n**3/2 + 2*n**2 + 2*n - 23. Calculate a(-8).
-4
Let z(u) = -u**2 - 9*u + 4. Let n be z(-9). Let c(t) be the first derivative of t**2 - 3*t - 3. Calculate c(n).
5
Let r(c) = -5*c**3 - 2*c**2 + 1. Let a be r(1). Let n = a + 10. Let f(l) = -l**2 + 2*l - 1. Determine f(n).
-9
Let n(r) = -r**3 + 3*r**2 + 6*r - 4. Let g be n(4). Let s(y) be the second derivative of -y**5/20 + y**4/3 + 5*y**2/2 - 94*y. Give s(g).
5
Let q(m) be the first derivative of 0*m**3 - 2*m + 1 + 5/12*m**4 + 0*m**2. Let n(i) be the first derivative of q(i). Calculate n(-1).
5
Let j(k) = -8*k - 1. Let y be 44/(-10) + 34/85. Let t = 5 + y. Calculate j(t).
-9
Let i(y) = 2*y + 1. Let n(s) = s + 4. Let d be n(0). Suppose d*u - 10 = -u. Suppose -a = -4*l + 6, u*a = -a - 3*l - 3. Calculate i(a).
-3
Let u(g) = 19*g**3 - 5*g**2 + 8*g + 7. Let a(n) = 19*n**3 - 6*n**2 + 9*n + 8. Let m(x) = -6*a(x) + 7*u(x). Determine m(-1).
-19
Let m(l) = -4 + 4 + 2*l - 3*l. Suppose -14 = -4*b + 4*q + 2, 8 = 4*q. What is m(b)?
-6
Let i(f) = -2*f - 3*f**2 + 0 + 2*f**2 - 2. Suppose 0 = 3*g + 10 + 2. Determine i(g).
-10
Let w(p) = p**3 + 4*p**2 + 5*p + 2. Let j be w(-4). Let m = -11 - j. Let k(z) = -6*z - m - z**3 + 4*z + 9*z + 4*z**2. Calculate k(5).
3
Let g be (-3)/3*(-1 - -3). Let u(o) be the second derivative of o**2 + 3*o + 1/6*o**3 + 0. Determine u(g).
0
Let i(l) be the second derivative of -l**5/20 + l**4/12 + l**3/6 - 3*l**2/2 + 2*l. Determine i(0).
-3
Let n(c) be the first derivative of c**5/20 + 5*c**4/12 - c**3/2 - 2*c**2 + c + 5. Let d(b) be the first derivative of n(b). Calculate d(-5).
11
Let i(z) be the second derivative of z**3/6 + 4*z**2 - z. Let t be i(-8). Suppose 3*m + 12 = -t*m. Let b(f) = f**3 + 5*f**2 + 5*f + 2. Determine b(m).
-2
Let b(u) = u**3 + 3*u**2 - u + 2. Let k = -2 + -6. Let x = k - -9. Let m be -2 - 3 - (x - 3). Calculate b(m).
5
Let s(q) be the second derivative of -q**5/20 - q**4/3 - q**3/6 + 3*q**2/2 + 2*q. Let m be 0 + -3 + (0 - 0). Give s(m).
-3
Let m(y) be the first derivative of y**3/3 - 9*y**2/2 - y - 22. What is m(8)?
-9
Let i be 3 + 0 + 3 + -6. Let b(z) be the third derivative of -z**6/120 + z**4/24 + z**3/3 + 2*z**2. What is b(i)?
2
Let r(k) be the first derivative of -2*k**3/3 - k**2 + 2*k + 2. Suppose 4*v - 4*o = -24, -3 = 2*v + 2*v + 3*o. Determine r(v).
-10
Suppose -2*c - 21 = 2*p - 5*p, 3*p + c - 12 = 0. Suppose 0 = -h - p - 1. Let q(r) = -r**3 - 6*r**2 + r + 3. Determine q(h).
-3
Let g = 9 + -6. Let m(v) = -v - 7 + g + 2 + 0. Let t be (0 - (-1 - 3))/1. Calculate m(t).
-6
Let t(y) = 2*y - 3. Let j(z) = z**2 + 6*z - 7. Let g be j(-8). Suppose 2*h = 5*h - g. Let q be 2/h*2*3. Give t(q).
5
Let x(i) be the first derivative of i**2/2 + i + 1. Let t(b) = b - 1. Let v be t(-4). Let j be (-68)/(-20) + (-3)/v. Calculate x(j).
5
Let l(o) be the second derivative of o**4/4 - o**3/3 - o**2/2 + 3*o. What is l(-1)?
4
Suppose 4*p - 15 = p - 2*r, 0 = 3*p - 3*r - 15. Let l(s) be the first derivative of s**2/2 - 7*s - 1. Calculate l(p).
-2
Let y(f) = 2*f**2 - f + 3. Let v(u) = -3*u**2 + u - 6. Let k(d) = -4*v(d) - 7*y(d). Calculate k(3).
-6
Let x(s) = 20*s**2 + s + 14. Let f(q) be the second derivative of -7*q**4/12 - 5*q**2/2 - q. Let y(p) = 17*f(p) + 6*x(p). Calculate y(-6).
-1
Let l(a) = -a**3 - a. Suppose -19 = -3*y + 2*s - 5, -5*y + 4*s + 26 = 0. Let d be l(y). Let v = d - -9. Let k(t) = -4*t**2 + t. Give k(v).
-5
Let n be (-9)/(-6)*4/3. Let d be ((-2)/(-3))/((-6)/(-27)). Let a(g) = 0*g - 1 - d*g**2 - 3*g + 4 + g**3. Give a(n).
-7
Let v(r) be the third derivative of r**5/60 - 5*r**3/6 - 13*r**2. Calculate v(0).
-5
Let n(y) = -5*y**2 - y + 8. Let j(u) = -9*u**2 - 2*u + 15. Let h(l) = 6*j(l) - 11*n(l). What is h(-3)?
14
Let c(a) = 4*a**3 + 7*a**2 - 2*a + 2. Let u(m) = 7*m**3 + 13*m**2 - 3*m + 4. Let r(o) = -5*c(o) + 3*u(o). Give r(-4).
-2
Suppose 0 = 3*q - 0*j - 5*j + 38, 4*q + 4*j = -8. Let m be -4 - q - (-8)/2. Let v be 2 + 0 + -1 - m